 (-4 - -2) - 0)
-1
(-1 - 1) + (10 + -2 - 3)
3
What is -1 + -1 + -14 + (24 - 13)?
-5
What is (137 - 136) + (-1 - 0 - 1)?
-1
What is -1 + (-2 + 4 - -2) + 1?
4
What is the value of 0 - -2 - -2 - (42 - 41)?
3
Evaluate -12 - -7 - -3 - -6.
4
-2 + (0 - -6) + -9 + 1
-4
3 + 0 - ((6 - 5) + 2)
0
What is the value of -30 + 46 - (7 + 2)?
7
(-34 - -42) + 2 + -6
4
Evaluate 2 + (3 + -6 - 4) - -2.
-3
What is -5 - ((-10 - -7) + -4)?
2
(-17 - (-9 - -1)) + 8
-1
What is the value of (5 - 0) + 9 + -12?
2
What is the value of 5 + 0 + (3 - (-6 - -9))?
5
-1 + -6 + (-3 - -3 - -5)
-2
What is -2 + 3 + (-2 - -2) + -7?
-6
What is the value of -3 + 10 + (-28 - -14)?
-7
Calculate (3 + -2 + 2 - 4) + 1.
0
5 + -1 + -6 + 3
1
(-1 - 5) + 1 + 5 + 3
3
Evaluate 32 - 25 - (2 + 0).
5
Calculate 22 + (-3 - 6) - 22.
-9
What is the value of -2 - (6 - (-5 + 10))?
-3
What is the value of -5 + 10 - (2 + 1)?
2
49 + -49 - (-2 + -1)
3
Evaluate -3 + (-8 + 17 - 12).
-6
Calculate (6 + 3 - 0) + -4.
5
Evaluate 0 - (-5 + 13 + -6).
-2
Evaluate (-5 - (1 + -2)) + (7 - -2).
5
What is the value of 1 - -10 - 17 - -9?
3
Evaluate (5 - 7) + 0 - (-6 + 7).
-3
What is the value of 3 - (2 - 1) - (13 + -13)?
2
-2 - (8 + -3 + -16)
9
What is the value of -3 - (-17 + 9) - -1?
6
What is the value of -5 + (-4 + 3 + 18 - 5)?
7
Evaluate 2 + 0 - (3 + -2).
1
1 + (7 - 9 - -3)
2
What is -14 + (13 - (6 - 8))?
1
What is -123 - -118 - (-13 - -1)?
7
Calculate (19 - 9) + (2 - 17).
-5
9 + (-11 - (10 + -8))
-4
Calculate 11 - 16 - (0 - 7).
2
What is -3 + (-6 - -1) + 31 + -29?
-6
4 - (4 + 0 + -1 + -2)
3
What is -1 - (4 - (-1 + 3))?
-3
Calculate (2 - -9) + 17 + -25.
3
-5 + 6 - ((-1 - 1) + 1)
2
Evaluate 2 + 10 + (2 - (-14 + 18)).
10
What is -6 - (11 + -3 - 10)?
-4
5 + (-1 + 4 - 12) - -3
-1
What is the value of -4 + 10 - (0 - -4)?
2
Evaluate -73 - -68 - (-1 + 0 + 0).
-4
What is -3 - -1 - 1 - (-1 - 2)?
0
What is -3 + 0 - (-2 - 1)?
0
Evaluate 6 - (8 - (8 + 0)).
6
-2 + 0 + 1 - 4
-5
What is the value of 17 - (4 - (0 + -6))?
7
10 + 12 + -15 - 1
6
Calculate -5 - 0 - (-3 - 2).
0
Evaluate -4 + (3 - -4) - (1 - 1).
3
Evaluate (2 - 1) + (9 + -2 - 3).
5
What is the value of -2 - (4 + -4 + -3)?
1
(-2 - (-2 - 3)) + (-30 - -32)
5
What is -5 - ((-1 - 1) + 7 + -5)?
-5
-1 + (1 - 0) + -2 + 2
0
(2 + 4 - 9) + 10
7
What is 5 + (8 - (-2 - -1 - -13))?
1
Evaluate (-5 - (-2 - 1)) + (0 - 1).
-3
What is -1 - (2 + (-4 - -2))?
-1
What is the value of -1 + (4 + -2 - 7 - -1)?
-5
What is -15 - -3 - (4 - 10)?
-6
2 - (-32 - -29 - (-1 + 2))
6
What is the value of 4 - (6 - (1 - -1 - 2))?
-2
What is -8 + 11 + (0 - -3) - 2?
4
What is the value of 0 - (4 - (-1 + 6))?
1
(-6 - -8 - (7 - 3)) + 7
5
Evaluate -20 - -19 - (1 + -5 + 1).
2
Calculate 6 + (-1 - -1) + -3.
3
-3 + 0 + (2 + -13 - -16)
2
What is the value of 6 - (-4 - (-5 + -5))?
0
What is the value of (-4 - -3) + 2 + -2 + -3?
-4
What is -2 - (7 - 3 - 10) - 1?
3
Calculate 1 + (-3 - 3) + -1 + 13.
7
What is -20 + 5 - (3 - 3) - -7?
-8
What is -5 + 3 - -4 - 0?
2
-3 - (0 + -2 - (-6 + 16))
9
Calculate 11 + 4 + -1 + -20.
-6
Calculate 9 + -11 + (-1 + 1 - -2).
0
Evaluate 5 - (6 + -3 + -8 - -4).
6
Calculate 4 + -5 - (-8 - (-2 + 0)).
5
Calculate 0 - -4 - (2 - 0) - 7.
-5
Evaluate -4 + (-6 - -4) + 0.
-6
What is the value of (-1 - -2 - -1) + (67 - 64)?
5
Evaluate -3 + 6 - (-2 + 1).
4
What is -7 - ((4 - 1) + -9)?
-1
What is -4 - (-4 - 1) - 1?
0
Evaluate (1 - 1) + (2 - 5 - 0).
-3
What is 4 - 10 - (-31 - -29)?
-4
Calculate -7 - (-2 + 2 + 2 - 5).
-4
What is 13 + -13 - -10 - (3 - -1)?
6
Calculate 1 - ((0 - -1) + -2).
2
-21 + 15 + (-12 - -9)
-9
Calculate (8 - 15) + (8 - 4).
-3
Calculate -1 - (0 + (4 - 2 - 4)).
1
What is the value of -2 - (-1 - (3 - 0 - 0))?
2
-24 + 24 - (0 + (5 - -1))
-6
-3 + (-2 - -7 - 3) - -3
2
Calculate 0 + -3 + 2 - 0 - 3.
-4
Calculate (6 - 3 - (3 - 4)) + -8.
-4
What is the value of 16 + -20 - (-2 + -1)?
-1
Evaluate 3 + (-4 - (-6 - -9)).
-4
Evaluate 1 - (6 - (-6 + 11)).
0
Calculate 0 + 2 + -3 + 2 + 0.
1
Calculate -3 + (5 - 3) + 7.
6
What is the value of 3 - 2 - (-1 + 0) - 7?
-5
Calculate -5 - (15 + -6 - 10).
-4
6 + -1 + -2 + -2
1
What is the value of -3 - (-11 - -6) - 4 - 2?
-4
What is the value of 9 + -19 + -4 + 9?
-5
Evaluate 2 - (4 - (1 - (1 - 4))).
2
Evaluate -7 + (0 - (5 + -8)).
-4
Calculate -4 - (0 - (1 + -2) - -1).
-6
Evaluate 8 - (2 + 2) - (-2 + 4).
2
What is the value of -1 + (0 - -1) - (1 + -3)?
2
What is the value of 2 + 5 + -5 - (5 + -2)?
-1
6 + (2 + -1 - (7 + 0))
0
12 - 19 - 4 - -12
1
Evaluate -1 - 0 - ((-7 - -11) + -7).
2
What is -2 - (0 - 4) - 5?
-3
Evaluate (-4 - -2) + 34 + -27.
5
What is 0 - 1 - (25 - 24)?
-2
Calculate 0 - (-6 - -4 - -2).
0
Evaluate 6 + (-5 - 6) - (1 + -2).
-4
What is -4 + (-6 + 2 - -3)?
-5
Calculate 8 - (4 + (-7 - -6)).
5
(0 - (0 + -5)) + -2
3
Calculate -8 - -4 - 3 - -12.
5
Calculate -3 - (-5 - -12 - 5 - -1).
-6
What is (-9 - -8) + -4 + 10 + 1?
6
Calculate -10 + 6 - (-3 - (-5 + 3)).
-3
What is the value of (0 - (-5 + -2)) + -4?
3
What is (-8 - -21) + -6 + 1 + 1?
9
-114 + 117 - (-1 + 1 + 0)
3
Calculate 0 + 4 + (-13 - -8).
-1
(2 - 8) + 5 + -3
-4
What is the value of -2 + (7 - 0) + -45 + 35?
-5
Evaluate (3 - 4) + (11 - 4).
6
Calculate (2 - (3 + -4)) + 0 - 8.
-5
Calculate -90 + 104 - (1 + 7).
6
Calculate -1 - (2 - (11 - 5)) - 8.
-5
(2 - 2) + -3 - -4
1
What is the value of -8 + (-4 - 3 - -15)?
0
Evaluate -3 - (2 + -2 + (0 - 1)).
-2
What is 1 + 1 + (2 - 8)?
-4
What is (0 - (-8 - -10)) + 12?
10
What is (3 - 0) + 7 + (3 - 6)?
7
What is the value of 1 + 4 - (15 - 11)?
1
What is the value of 3 + -18 - -17 - (0 - -2)?
0
(-1 - 2) + (1 - 1)
-3
0 - 6 - (-36 - -28)
2
What is 28 + -8 - -1 - 11?
10
(-53 - -49) + (4 - (0 + 0))
0
Evaluate -2 + -18 + 11 + 2.
-7
-2 + 0 + (2 - 1) + -3
-4
What is the value of -27 - -20 - (-11 + -2)?
6
What is (135 - 128) + (1 - 1 - 1)?
6
What is 0 + 5 + -13 - (-7 - -4)?
-5
Evaluate 0 + (2 - -1 - 5).
-2
What is the value of -4 - (4 - (4 + -1))?
-5
Evaluate 15 - 4 - (3 + 1) - -1.
8
-2 + 9 + (0 - 5)
2
What is 4 + -9 + -5 + 6?
-4
What is -2 + -2 + (1 - 1) + 6?
2
What is (-11 - -8) + (4 - -2)?
3
2 + (15 - 4 - 17)
-4
What is -1 + 4 + 0 + 2?
5
What is -1 - ((6 + -5 - -2) + -1)?
-3
Evaluate 5 - (10 + -9) - 5.
-1
Evaluate -5 + (2 - -1) + 6.
4
Evaluate (-6 - -4) + (2 - 1).
-1
Calculate 2 + 0 + -3 + 2 + -2.
-1
Calculate 13 + -6 + -2 + -9.
-4
(6 - 1) + (-1 - 6)
-2
Calculate 8 + 1 - (-2 + 9).
2
1 + (4 - 4) - -2
3
Calculate 7 + (5 + 1 - 16).
-3
What is (1 + -6 - 0) + (24 - 23)?
-4
(-1 - 6 - -2) + 2 - -1
-2
-5 - -7 - 10 - -4
-4
14 - 7 - (-3 - -7)
3
Calculate 1 + 0 - (13 - 10).
-2
Calculate 10 + -10 + 3 + 2.
5
Calculate -5 - -2 - (3 - 2).
-4
Calculate (-1 + (5 - 7) - 1) + 1.
-3
Evaluate 5 + 4 + (4 - 5 - 4).
4
What is (-5 + 3 - 6) + -2 + 4?
-6
115 - 118 - (-4 - (2 + 0))
3
What is the value of 0 - ((1 - (0 + 6)) + 2)?
3
-1 + (-2 + 1 - -3)
1
What is the value of 7 + -1 + (6 - (-2 - -9))?
5
-3 + (-3 - -4) + (3 - -1)
2
24 + -30 - (-1 - 7)
2
What is the value of 0 - 1 - (37 + -32)?
-6
Calculate -1 + (-13 + 7 - -9).
2
Calculate -5 - -1 - (-6 + 1).
1
Evaluate -30 + 20 - (1 + -9).
-2
-13 + 7 + 3 + 6
3
Evaluate (13 - 7 - 7) + -15 + 8.
-8
What is (1 - -1) + 24 + -33?
-7
0 - (3 - 1) - -1
-1
What is -3 + (6 - 5 - (0 + 1))?
-3
Evaluate 4 - (5 + -4 + 3 + 0).
0
(13 + 3 + -11 - -1) + -1
5
Calculate -3 - (-1 + 6 + (-18 - -16)).
-6
(0 + 1 - -1) + -3
-1
What is the value of 2 + -4 + -4 - -7?
1
What is the value of (0 - 3) + 5 - (22 - 18)?
-2
What is 5 - (0 + 1) - (326 + -322)?
0
Calculate 4 + -11 - (-10 + 0).
3
Evaluate 1 + (5 - (-4 + 22 + -5)).
-7
What is the value of (0 + (3 - -1) - 8) + 3?
-1
What is 14 + -16 + (-5 - -1)?
-6
(-8 - -6) + 4 + 4
6
What is 1 - (5 + -1 + 3)?
-6
7 - -1 - (0 + (-1 - -6))
3
What is the value of (-11 - -12) + 1 + -5 - 0?
-3
Evaluate (-4 - -1) + 2 + 0 + -8.
-9
Calculate -4 + -1 + 0 + 2.
-3
-3 + -1 + -2 + 4
-2
What is the value of 3 - (-5 + 12 - 1)?
-3
(-5 - -1) + (-3 - (0 - 10))
3
What is the value of 6 + 6 + -3 + 5 + -19?
-5
What is 2 + -13 - (-27 - -22)?
-6
What is the value of -4 - (-14 + (-1 - -4) + 5)?
2
Evaluate (-2 + 7 - 2) + -2.
1
What is 6 - ((3 - 4) + 8)?
-1
What is 2 - 10 - (-12 + 7)?
-3
Calculate 5 + (1 - 4) - -4.
6
Calculate 2 - 5 - (-44 + 35).
6
Calculate -6 - (1 + (-6 - -2)).
-3
What is 0 - (6 + -12) - 5?
1
What is -1 + (-3 - -3) + 2 + 1?
2
Calculate -2 + -1 - (1 + -4 -